ors of 548826.
2, 3, 23, 41, 97
What are the prime factors of 167868?
2, 3, 4663
List the prime factors of 7302378.
2, 3, 1217063
What are the prime factors of 102480?
2, 3, 5, 7, 61
What are the prime factors of 112920?
2, 3, 5, 941
List the prime factors of 259994.
2, 7, 379
List the prime factors of 351301.
351301
List the prime factors of 16375133.
409, 40037
What are the prime factors of 11239586?
2, 191, 29423
What are the prime factors of 33877?
19, 1783
List the prime factors of 1106444.
2, 163, 1697
List the prime factors of 28846844.
2, 13, 554747
What are the prime factors of 835939?
13, 64303
What are the prime factors of 74100?
2, 3, 5, 13, 19
What are the prime factors of 556759?
7, 79537
List the prime factors of 6892029.
3, 765781
List the prime factors of 7800525.
3, 5, 37, 937
What are the prime factors of 1628161?
1628161
List the prime factors of 919646.
2, 7, 13, 31, 163
What are the prime factors of 700756?
2, 7, 29, 863
What are the prime factors of 55660?
2, 5, 11, 23
List the prime factors of 129310.
2, 5, 67, 193
List the prime factors of 4448768.
2, 8689
List the prime factors of 2026845.
3, 5, 73, 617
What are the prime factors of 1276599?
3, 425533
List the prime factors of 1843081.
37, 109, 457
What are the prime factors of 27605219?
37, 83, 89, 101
What are the prime factors of 370836?
2, 3, 10301
List the prime factors of 4174085.
5, 761, 1097
What are the prime factors of 211188?
2, 3, 17599
What are the prime factors of 1260874?
2, 229, 2753
What are the prime factors of 5124672?
2, 3, 7, 31, 41
List the prime factors of 1361916.
2, 3, 37831
List the prime factors of 179598.
2, 3, 37, 809
What are the prime factors of 684288?
2, 3, 11
List the prime factors of 19937.
19937
List the prime factors of 4444661.
13, 229, 1493
What are the prime factors of 156670?
2, 5, 15667
What are the prime factors of 8749068?
2, 3, 29, 31, 811
What are the prime factors of 314065?
5, 23, 2731
What are the prime factors of 2240680?
2, 5, 13, 31, 139
What are the prime factors of 133862?
2, 66931
What are the prime factors of 430656?
2, 3, 2243
What are the prime factors of 18576?
2, 3, 43
List the prime factors of 13158780.
2, 3, 5, 219313
What are the prime factors of 113687?
7, 109, 149
List the prime factors of 5659155.
3, 5, 67, 1877
What are the prime factors of 274769?
11, 24979
List the prime factors of 4065760.
2, 5, 25411
List the prime factors of 3114159.
3, 787, 1319
What are the prime factors of 183516?
2, 3, 41, 373
List the prime factors of 395701.
395701
What are the prime factors of 451555?
5, 13, 6947
What are the prime factors of 45592?
2, 41, 139
What are the prime factors of 3264604?
2, 7, 116593
List the prime factors of 33545.
5, 6709
List the prime factors of 1249604.
2, 312401
List the prime factors of 3939891.
3, 1313297
List the prime factors of 18330254.
2, 167, 54881
What are the prime factors of 35260479?
3, 719, 5449
What are the prime factors of 285798?
2, 3, 19, 23, 109
What are the prime factors of 14729585?
5, 13, 226609
List the prime factors of 1243246.
2, 19, 32717
List the prime factors of 23814.
2, 3, 7
List the prime factors of 4148736.
2, 3, 37, 73
List the prime factors of 51296.
2, 7, 229
List the prime factors of 4308914.
2, 227, 9491
What are the prime factors of 2172835?
5, 7, 62081
List the prime factors of 191719.
11, 29, 601
List the prime factors of 23351764.
2, 1091, 5351
List the prime factors of 1255603.
17, 73859
List the prime factors of 1765812.
2, 3, 147151
What are the prime factors of 3052645?
5, 71, 8599
List the prime factors of 46381.
46381
List the prime factors of 282761.
17, 16633
List the prime factors of 30487408.
2, 7, 37, 1051
List the prime factors of 398394.
2, 3, 22133
List the prime factors of 5503257.
3, 17, 35969
What are the prime factors of 9143383?
9143383
What are the prime factors of 46207?
7, 23, 41
What are the prime factors of 4258911?
3, 29, 48953
List the prime factors of 1450987.
59, 24593
List the prime factors of 6072677.
13, 35933
What are the prime factors of 103882?
2, 51941
List the prime factors of 6444365.
5, 1288873
What are the prime factors of 1853434?
2, 11, 84247
List the prime factors of 79661.
37, 2153
List the prime factors of 485650.
2, 5, 11, 883
What are the prime factors of 3180290?
2, 5, 31, 10259
What are the prime factors of 6205798?
2, 151, 20549
What are the prime factors of 1334606?
2, 7, 13, 7333
What are the prime factors of 741454?
2, 7, 211, 251
List the prime factors of 9254574.
2, 3, 7, 8161
List the prime factors of 24143.
7, 3449
What are the prime factors of 7103299?
7, 43, 23599
List the prime factors of 1504883.
197, 7639
What are the prime factors of 2779837?
1481, 1877
List the prime factors of 21654931.
21654931
What are the prime factors of 176232?
2, 3, 7, 1049
What are the prime factors of 1513907?
563, 2689
What are the prime factors of 5929846?
2, 13, 131, 1741
What are the prime factors of 3654654?
2, 3, 23, 71, 373
List the prime factors of 831336.
2, 3, 11, 47, 67
List the prime factors of 42927.
3, 41, 349
List the prime factors of 740922.
2, 3, 7, 13, 23, 59
List the prime factors of 3938412.
2, 3, 47, 6983
What are the prime factors of 2179?
2179
What are the prime factors of 20663299?
137, 150827
What are the prime factors of 6835970?
2, 5, 683597
List the prime factors of 569225.
5, 22769
List the prime factors of 23810148.
2, 3, 661393
What are the prime factors of 905431?
379, 2389
What are the prime factors of 44384?
2, 19, 73
What are the prime factors of 3631923?
3, 403547
What are the prime factors of 63549?
3, 23, 307
List the prime factors of 23949036.
2, 3, 665251
What are the prime factors of 440507?
440507
What are the prime factors of 4090185?
3, 5, 11, 8263
What are the prime factors of 345418?
2, 172709
List the prime factors of 6992876.
2, 11, 103, 1543
List the prime factors of 36429611.
97, 375563
List the prime factors of 1638084.
2, 3, 7, 19501
What are the prime factors of 856721?
856721
List the prime factors of 2663849.
17, 71, 2207
What are the prime factors of 221604?
2, 3, 59, 313
What are the prime factors of 128000?
2, 5
List the prime factors of 15690018.
2, 3, 719, 3637
List the prime factors of 304808.
2, 7, 5443
What are the prime factors of 131277?
3, 43759
List the prime factors of 42774307.
3613, 11839
List the prime factors of 2032232.
2, 53, 4793
What are the prime factors of 2250618?
2, 3, 375103
List the prime factors of 491651.
491651
List the prime factors of 128155.
5, 19, 71
List the prime factors of 1263831.
3, 17, 24781
List the prime factors of 852657.
3, 13, 21863
List the prime factors of 2147404.
2, 7, 271, 283
List the prime factors of 747183.
3, 263, 947
What are the prime factors of 4059428?
2, 61, 127, 131
What are the prime factors of 4043582?
2, 37, 53, 1031
What are the prime factors of 324603?
3, 36067
List the prime factors of 159545.
5, 17, 1877
What are the prime factors of 13182021?
3, 17, 3191
List the prime factors of 17990894.
2, 8995447
What are the prime factors of 8816825?
5, 113, 3121
What are the prime factors of 832782?
2, 3, 138797
List the prime factors of 87123.
3, 113, 257
What are the prime factors of 35407902?
2, 3, 23, 256579
What are the prime factors of 34805?
5, 6961
What are the prime factors of 204676?
2, 51169
What are the prime factors of 299741?
13, 23057
What are the prime factors of 339731?
7, 48533
What are the prime factors of 13686557?
13686557
List the prime factors of 117015.
3, 5, 29, 269
What are the prime factors of 25261077?
3, 67, 109, 1153
What are the prime factors of 6574015?
5, 7, 31, 73, 83
List the prime factors of 643028.
2, 160757
What are the prime factors of 17715?
3, 5, 1181
List the prime factors of 1117903.
17, 19, 3461
What are the prime factors of 138244?
2, 17, 19, 107
What are the prime factors of 2924167?
2924167
What are the prime factors of 13924030?
2, 5, 199, 6997
What are the prime factors of 1747943?
19, 91997
List the prime factors of 478468.
2, 119617
What are the prime factors of 117562?
2, 43, 1367
List the prime factors of 18055307.
4051, 4457
List the prime factors of 9361544.
2, 1170193
List the prime factors of 33703424.
2, 65827
What are the prime factors of 24